 + 1 + (-1 + 14 - 16) + -1?
-6
What is the value of (-10 + 4 - -5) + (19 - 19)?
-1
What is (-1 - (-2 + 0)) + (-19 - -8)?
-10
Calculate 11 + (-18 - -44) - (-2 + 2 - -8).
29
Evaluate 2 - (-2 + -3 + 4).
3
Calculate 0 - 7 - (-1951 + 1941).
3
What is -5 + (1 + 6 - (-1 + 10))?
-7
6 + -26 + 4 + 31
15
What is the value of 13 + (-15 - (3 + -7 + -7))?
9
What is (4 - 23) + 18 + 3?
2
-40 - 6 - (-6 + -11 + 5)
-34
What is (-3 - 0) + 10 + 1 + (10 - 17)?
1
Calculate 347 - 364 - (-2 + -13).
-2
-18 - (-1 - 17) - -8
8
What is -12 + 19 - 0 - (-9 + 3 - 3)?
16
8 + -16 + -10 + (51 - 8)
25
What is the value of 12 + -49 + 65 + (-32 - -3)?
-1
Evaluate (0 - 3 - -1) + 22 + -35 + 37.
22
-16 + 6 + 33 + 4
27
What is the value of -8 + 2 + 2 - -4 - 15?
-15
What is the value of -16 + 19 + (-10 - -1) - (3 + 4)?
-13
Evaluate 9 - (9 + -19 - -9).
10
What is (4 - -7) + -7 + 2 - -2?
8
Evaluate -1 + ((-1 - -9 - 14) + 2 - 1).
-6
Evaluate 26 + -4 - (70 + -27).
-21
Evaluate 29 + -20 + (-4 + 2 - 15 - 3).
-11
What is the value of 19 + (-84 - -22) + 31?
-12
Calculate 6 + (-74 - -50 - (1 - -2)).
-21
What is the value of -21 - 2 - ((20 - 7 - 1) + -6)?
-29
5 + -4 - -13 - -3
17
What is the value of -5 + 20 - (-3 + 9)?
9
What is (4 - (3 + -8)) + -2 - 12?
-5
(-4 - (-5 - (15 + -18))) + 32
30
Calculate 0 + -20 + (-5 - (0 + -12)).
-13
Calculate -13 - -1 - (-20 + 18).
-10
212 - 195 - (-7 + 1)
23
(-8 - (8 - 16)) + -20 - 18
-38
11 + (-9 + -4 - 1) + 0
-3
Calculate -8 + (2 - (-6 + (13 - 4)) - 2).
-11
Evaluate (16 - 38) + 9 + 1.
-12
Evaluate 339 + -343 - (-3 - -5 - 17).
11
Evaluate 19 + -38 + 2 + 7 + 2.
-8
(-14 - (24 + -43)) + -29
-24
Calculate 12 + 4 + -5 + 1 + -1.
11
What is 22 - (-12 + 22 + -24 + 7)?
29
Evaluate 3 + 10 + -11 + (15 - (9 - 11)).
19
Calculate -8 - (-1 + 7 + -6 + -14 + -15).
21
What is 14 + (3 - -5) + -10 - -7?
19
Calculate 24 - 15 - ((-1 - (3 + 4)) + 3).
14
What is the value of (1 - -4) + 32 + (8 - 47)?
-2
Evaluate 0 + -1 - -2 - (148 - 122).
-25
What is (-20 - (-22 - -1)) + 2 + -6 + 2?
-1
(-8 - (12 - 6 - 13)) + -8 + 3
-6
What is the value of -1 + -9 + (0 - -11)?
1
What is the value of (72 - 74) + 7 - (1 + 3 - 0)?
1
Calculate 3 + 1 - (15 + -7 + -8).
4
What is the value of 2 + (-1 - -3) + 18 + -21?
1
Evaluate 18 - (-27 + 56 + 22).
-33
What is (10 + -3 - 4 - -5) + 5?
13
Evaluate 22 + -30 - (0 - 17).
9
What is the value of -13 + 6 + 4 + 2 + 18?
17
What is the value of (-8 - -34) + -114 + 98?
10
What is 8 - (-6 + -21 - -53)?
-18
10 - (0 + 2) - (-176 - -174)
10
Evaluate 0 + -1 + -3 + 6 - (13 - 6).
-5
Evaluate (46 - 19 - 6) + -3.
18
Calculate 44 + (30 + -11 - 38).
25
Calculate 14 + -25 - -13 - 5.
-3
What is (-5 + 46 - (26 - 18)) + -6?
27
Calculate -3 - -1 - (-47 + 28 - -1).
16
What is the value of 14 + (-19 - (7 - (4 + 13)))?
5
(-30 - -60) + -11 + -18
1
(-32 - (55 - 83)) + (8 - (-1 - 1))
6
Evaluate -27 + -11 + 9 + 13.
-16
Evaluate 1 + -15 - (586 + -594).
-6
-24 + (-44 - (-54 - -10))
-24
18 - (6 + (15 - 10)) - (8 - -2)
-3
Evaluate -9 + -9 + (6 - -10).
-2
What is -5 + 12 - -1 - (0 + -1)?
9
What is the value of -3 + (-17 - (16 - (19 - 9)))?
-26
(-3 - 8 - (-2 - 4)) + -5
-10
What is the value of 69 + -58 + (-19 - 1) + (1 - 0)?
-8
-1 - (0 - 34 - -21)
12
Calculate (24 - (-13 - -39)) + 15.
13
Calculate (-11 - 0) + (3 + 15 - 28).
-21
-37 - -4 - (140 + -144)
-29
Calculate -2 + 11 - (45 + 14 - 41).
-9
Calculate (97 - 92 - (-5 - -1)) + -4.
5
What is the value of (-1 - 1 - 1) + -1 - (-174 - -180)?
-10
What is -28 - -6 - -9 - -19?
6
What is the value of 16 - 0 - (101 - 66 - 44)?
25
What is the value of 13 - (-9 - (-32 + 11))?
1
Calculate 9 + (-1 - (-4 + 17)).
-5
Evaluate -11 + -10 + (22 - -3).
4
What is 38 - (30 + 7) - (-1 - (-1 - 15))?
-14
What is 31 + -16 + -8 + (-1 - 40 - -3)?
-31
Calculate 3 - (18 - (-9 + (-2 - -20))) - 36.
-42
Evaluate -14 + (4 - (-11 - -15)).
-14
What is (-3 + -1 + 0 - 2) + 3 - 6?
-9
-3 - (6 + -4) - 2 - (-3 - -11)
-15
5 - ((-6 - 13) + -3 + 9 - -7)
11
What is 26 - (29 - 14) - (3 + 0 + -7)?
15
What is 29 + (12 - 50) + (19 - 1)?
9
What is the value of -10 + (2 - (-15 - -2))?
5
Evaluate (-14 - -2) + 19 - 7.
0
What is the value of 34 + -51 + 7 - (-2 + 8 - 1)?
-15
Calculate 7 + (-10 + 30 - 4) + -8 + 1.
16
What is the value of -1 + 0 + -108 + -10 + 105?
-14
What is 2 + (-6 + 9 - 3) + 0?
2
What is 14 + -11 + 9 + -15?
-3
Calculate (-3 - 25) + (-2 - (23 - 28)).
-25
What is 15 - (2 - 5) - (23 + -12 - 22)?
29
What is 13 + -4 - 8 - (-3 + 1 + 3)?
0
Evaluate -14 + (-8 + 0 + 2 - 1).
-21
What is the value of (12 - (-1 - -1)) + -199 + 203?
16
What is 0 + 3 + -7 + 32 + -2?
26
(17 + 2 - (3 + -4)) + (-60 - -59)
19
(-37 + 40 - (-1 + -1)) + -4 + 3
4
Evaluate -10 + (6 - (3 + (8 - -1 - 8))).
-8
Evaluate 17 + -44 + -8 + 11 - -14.
-10
What is -46 - (-3 + -17) - -6?
-20
What is 5 + -3 + -1 + (10 - (10 + -6))?
7
What is (7 - (6 + 3 + -9)) + (-6 - -13)?
14
What is the value of -9 - (-31 + 18 - (2 - -5))?
11
Evaluate (5 - 11) + (0 - -7 - 4).
-3
Evaluate -17 - (-8 + -3 + 33) - -6.
-33
What is the value of -43 - -39 - ((1 - -32) + 23 + -28)?
-32
Calculate -1 + 0 + 78 + -66.
11
Evaluate 10 - (5 + 4 + -4 - 12).
17
(-5 + -2 - -6 - (2 + -6)) + -15
-12
Evaluate (4 - (-15 + 12 + -2)) + 1.
10
What is the value of 17 + (15 - 24) - 17?
-9
Evaluate 11 + -2 + 5 - 17.
-3
13 - 20 - (-4 - ((-1 - 8) + 12))
0
Evaluate 4 - (0 - -1) - (-226 + 234).
-5
What is the value of 26 - -2 - (432 - 409)?
5
Calculate -4 + 9 + (-14 - (9 - 3) - 9).
-24
4 + (-41 - -41 - (4 - (3 - 2)))
1
Evaluate -7 - ((-12 - 6) + (16 - 3)).
-2
-23 + (1 - -18 - 15) + 8
-11
-5 - (1 - (6 - 21) - 14)
-7
What is (7 - (-8 - 0)) + (5 - 1) + -9?
10
What is (-1 - -7 - (54 - 36)) + 0 + 2?
-10
What is the value of -6 - (-9 - (-7 - -4 - -7))?
7
What is 13 + (8 + 5 + -8 - (-2 - -2))?
18
What is the value of 8 + (-5 - -7 - 16) + (-3 - -4)?
-5
What is -8 - (6 + -15 + 8 + -17) - -14?
24
Calculate 8 - (6 + -2) - (-15 - (-13 + 5)).
11
(-35 - -29) + 8 + 3
5
What is the value of (30 - -3) + (-104 - -84)?
13
Calculate -5 + 0 - (-52 - -36).
11
What is 19 - 0 - (-30 + 63)?
-14
-16 - ((-2 - 2) + -5)
-7
What is the value of -58 + 50 + (0 - (-3 - (1 + -6)))?
-10
What is the value of 8 - ((-32 - -21) + (-4 - (0 + -6)))?
17
Calculate 57 - 79 - (-8 - -10).
-24
Calculate (-20 - (8 - 30)) + 11.
13
What is -31 + 3 + 30 + 22?
24
Calculate 23 - (-3 + 7 + -7 + 9).
17
What is (189 - 182) + 0 + (-4 - -2) + -2?
3
What is 26 + 0 + (11 - 3 - (21 + -13))?
26
What is -2 - 3 - (-1 + 6 + (1 - 9))?
-2
What is (35 - (-15 - (-5 + -18))) + -14?
13
Calculate -40 + -35 + 49 - (-11 + -2).
-13
Evaluate -10 + (-4 + -1 - 2) + 10 + -3.
-10
Calculate 4 + (24 - 37 - (-8 - -1) - 14).
-16
Evaluate 155 + -150 + 3 + -3.
5
Calculate 47 - 47 - (-4 + -1) - (1 - 10).
14
What is the value of -9 + 1 + 16 - -1?
9
Evaluate 2 - (8 + -7 + 2 + 2 + 2).
-5
(-6 + 10 - (-2 - 1)) + -9 + 1
-1
Calculate -10 - (-1 - (0 + 15)).
6
What is 7 + (0 - -3 - (-8 - -8) - 10)?
0
(1 - 36) + (11 - 3 - 13) + 7
-33
What is (-14 - (20 + -28)) + 25 + 0 - 3?
16
What is the value of 8 - (-34 - -42 - (1 - 1))?
0
What is the value of -3 - ((-5 - (-5 - -10)) + 11)?
-4
What is -153 + 154 - ((-3 - 0) + -5)?
9
20 - 1 - ((5 - 4) + 4 + 2)
12
Evaluate -69 + 37 + 2 + (0 - -4).
-26
What is (-21 - -3) + -30 + 41?
-7
What is 18 + (-20 - (13 - 13))?
-2
Calculate (7 - 3) + 0 + (-11 - -2).
-5
-8 - (0 + 16 - 17)
-7
Evaluate (-2 - 1) + (-25 - -7) + 31.
10
1 - -7 - (59 - 52) - 14
-13
1 + (-24 + 5 - (4 - (-6 + 14)))
-14
-16 + (-14 - -28) - -11
9
(55 - 68) + -1 + 18
4
-270 - -275 - ((4 - 2) + -9)
12
(92 - 35) + -45 - 31
-19
Calculate 2 - (-18 + -8 + (5 - 0) + 7).
16
What is 4 + -1 + 38 + -43 + -17 + 0?
-19
What is 2 - (-5 + -2 + 24 - (4 + 1))?
-10
What is (1 + -49 - -16) + 15 - -16?
-1
Evaluate (5 - (-14 + 15)) + 11.
15
What is the value of (-2 - -2) + (-18 + 7 - -12)?
1
Evaluate (7 - 2) + -1 + 1 + (-1 - -3).
7
What is the value of -48 + 58 - (14 - 0)?
-4
Calculate (-7 - -26) + -30 - -8.
-3
What is 1 + -5 - (22 + -16 + 11 + -12)?
-9
What is -29 + 19 + (1 - (1 + -2))?
-8
What is the value of -6 + -7 + 11 - 5?
-7
Evaluate 13 + -5 + 7 + -12 - (-7 - -1).
9
What is 7 + (13 - (5 + 6)) - -35 - 9?
35
(-1 + 2 - (6 - (-9 - -11))) + -4
-7
Evaluate -6 - (0 - -1 - (5 - (6 - -6))).
-14
What is (1 + -24 - -26) + -1 + 0?
2
What is (-1 - -8) + -75 + 81?
13
What is the value of -18 + 7 - -6 - 7?